In base 6, what is 1 - 24?
-23
In base 13, what is 47 + 1c?
66
In base 5, what is -12 - 4123?
-4140
In base 9, what is -622 + 10?
-612
In base 6, what is -11 - -24?
13
In base 9, what is -5 + 1364?
1358
In base 6, what is -333 + -13?
-350
In base 9, what is -11 - -8?
-2
In base 13, what is -1007 - -1?
-1006
In base 15, what is 5a4 - -1?
5a5
In base 7, what is 1 + -11534?
-11533
In base 6, what is -5 + 205?
200
In base 12, what is 1 - 7?
-6
In base 7, what is 146116 + -3?
146113
In base 16, what is -9b + -6?
-a1
In base 15, what is 4 - -e?
13
In base 3, what is 202211002 - -10?
202211012
In base 6, what is -44 - 13?
-101
In base 8, what is -62 + 1?
-61
In base 3, what is 12 - 2100?
-2011
In base 5, what is -24 - -20433?
20404
In base 3, what is 220010 + 10?
220020
In base 8, what is 4 - 1132?
-1126
In base 5, what is 1042 - 2?
1040
In base 13, what is 3c + -91?
-52
In base 12, what is 3 + 35a?
361
In base 2, what is 1010 - 11101?
-10011
In base 10, what is -74 + 3?
-71
In base 5, what is 213 - -10?
223
In base 9, what is -36 - 1?
-37
In base 7, what is 11 - 104?
-63
In base 9, what is 424 - 4?
420
In base 9, what is 16 - 15?
1
In base 14, what is 6 - -12a?
132
In base 5, what is 314 + 2340?
3204
In base 2, what is -10100101110 + -11?
-10100110001
In base 5, what is -1 - -1000?
444
In base 4, what is -2010 - 12?
-2022
In base 2, what is 1101001100101 - 10?
1101001100011
In base 3, what is 1000122212 + -10?
1000122202
In base 3, what is -1 - -22220?
22212
In base 15, what is -2 - -b6?
b4
In base 2, what is 110 + -10001101?
-10000111
In base 4, what is 11 - 23220?
-23203
In base 13, what is -4c80 - -1?
-4c7c
In base 3, what is 10 - -110122?
110202
In base 9, what is -1371 + 13?
-1357
In base 13, what is -1 + 170?
16c
In base 8, what is -51 + 5?
-44
In base 13, what is 9 - 5?
4
In base 3, what is 20 + 100000?
100020
In base 6, what is -211 - 140?
-351
In base 6, what is -15223 + -4?
-15231
In base 7, what is 3 + 206?
212
In base 12, what is -2 + -16?
-18
In base 4, what is 32 + -210?
-112
In base 8, what is 3 + -41?
-36
In base 7, what is -236 + -30?
-266
In base 9, what is 6 - 31?
-24
In base 11, what is 194 + -6?
189
In base 13, what is -5 + -4b?
-53
In base 13, what is 3 + c0?
c3
In base 6, what is 2001 + -10?
1551
In base 5, what is -11414 - 2?
-11421
In base 11, what is 11 - 94?
-83
In base 10, what is -14 + 84?
70
In base 13, what is -12 - 5?
-17
In base 9, what is -35 + -6?
-42
In base 9, what is 250 + 1?
251
In base 14, what is -3 - -90?
8b
In base 16, what is 0 - 3d?
-3d
In base 14, what is -4 - 42?
-46
In base 9, what is -81 + -4?
-85
In base 5, what is 3 - -13301?
13304
In base 2, what is 100 - 11101?
-11001
In base 12, what is -1753 - -5?
-174a
In base 14, what is -4 - -716?
712
In base 3, what is -1001212 + -12?
-1002001
In base 13, what is -7 + -182?
-189
In base 8, what is -2231 - -1?
-2230
In base 3, what is 10 - -10000?
10010
In base 5, what is 4210 + 0?
4210
In base 5, what is -3 + 212?
204
In base 2, what is 0 - 100010?
-100010
In base 5, what is 0 - -204?
204
In base 6, what is -40 + -34?
-114
In base 2, what is -111101 + -1111001?
-10110110
In base 13, what is -5 - 1874?
-1879
In base 15, what is be + 4?
c3
In base 15, what is -2e + -2c?
-5b
In base 16, what is -35e - -5?
-359
In base 11, what is -42 + 2?
-40
In base 14, what is 7d1 + -5?
7ca
In base 4, what is -100 + 1130?
1030
In base 14, what is 4 + -6d?
-69
In base 5, what is 142 + 3?
200
In base 2, what is 110 + 101100010101?
101100011011
In base 5, what is -13 + -11?
-24
In base 6, what is 1 + 24?
25
In base 3, what is -1222011 - 12?
-1222100
In base 14, what is 0 + 224?
224
In base 8, what is -1 + 71?
70
In base 9, what is -14 + 12?
-2
In base 13, what is 11 + -28?
-17
In base 13, what is -2b23 + 2?
-2b21
In base 13, what is -510 - 10?
-520
In base 14, what is -8 - 1238?
-1242
In base 9, what is -35 + 2?
-33
In base 3, what is 21 + 1101122?
1101220
In base 7, what is 45 - -14?
62
In base 15, what is 21 - 19?
7
In base 3, what is 12 + 1100011?
1100100
In base 10, what is 99 - -65?
164
In base 6, what is -5 + -13515?
-13524
In base 10, what is -7 - 81?
-88
In base 15, what is 9 + -148?
-13e
In base 10, what is 2 + -9?
-7
In base 15, what is 5 + -d0e?
-d09
In base 3, what is 2022211 + -2?
2022202
In base 14, what is -14 - -14?
0
In base 9, what is 40 - 3?
36
In base 6, what is 5 + 33410?
33415
In base 16, what is 3 + 1b?
1e
In base 9, what is -64 + -1?
-65
In base 13, what is 1 - -318?
319
In base 3, what is 1022021 - -12?
1022110
In base 5, what is 330 + 2?
332
In base 9, what is -127 + -14?
-142
In base 5, what is -3 + 2030?
2022
In base 4, what is -1013 - -201?
-212
In base 6, what is -210 + 10?
-200
In base 13, what is -3 - -814?
811
In base 3, what is -20202 - -210?
-12222
In base 5, what is -12 - -21330?
21313
In base 6, what is -2 - -32544?
32542
In base 16, what is 5a1 - -7?
5a8
In base 7, what is 1 + 33153?
33154
In base 4, what is 3 - 20213?
-20210
In base 14, what is -4 + a?
6
In base 4, what is 103022 - 10?
103012
In base 2, what is -10111 + 10001010?
1110011
In base 12, what is 18543 + -1?
18542
In base 11, what is 544 + 0?
544
In base 4, what is -10211203 - 11?
-10211220
In base 16, what is 5d + -a?
53
In base 15, what is a + 12d?
138
In base 13, what is -256 + -1?
-257
In base 12, what is -110 - -4?
-108
In base 3, what is -11 - -110122?
110111
In base 12, what is -3 + 99?
96
In base 16, what is 672 + -6?
66c
In base 11, what is -36 - -1?
-35
In base 10, what is 797 - -4?
801
In base 9, what is -260 + 3?
-256
In base 4, what is 10200101 + -3?
10200032
In base 6, what is 42114 - -4?
42122
In base 12, what is 38 + -1?
37
In base 4, what is 2323 + -3?
2320
In base 3, what is -11 + -210122?
-210210
In base 11, what is 3 - -37?
3a
In base 3, what is 12 + -20002?
-12220
In base 7, what is -122 + -52?
-204
In base 13, what is 0 + -1b9?
-1b9
In base 4, what is 3 + -1220?
-1211
In base 12, what is -327 - 16?
-341
In base 16, what is -2e35 - 1?
-2e36
In base 3, what is 2 - 10012120?
-10012111
In base 14, what is 32 - 43?
-11
In base 5, what is -3133442 - 4?
-3134001
In base 8, what is 4 + -1722?
-1716
In base 12, what is 2 + -12?
-10
In base 3, what is 200 - 2012?
-1112
In base 15, what is 2 - -36?
38
In base 10, what is 20 - -47?
67
In base 4, what is -131103 + -11?
-131120
In base 16, what is -95 - -4?
-91
In base 2, what is -1110111 - -1000100?
-110011
In base 15, what is a3 - -19?
bc
In base 16, what is -5 - 89c?
-8a1
In base 5, what is 1110 + 42?
1202
In base 11, what is -1a + 301?
292
In base 16, what is -5 + f?
a
In base 11, what is 19 + 10?
29
In base 8, what is 451 + 11?
462
In base 10, what is -1252 + 11?
-1241
In base 15, what is -a0 + 1?
-9e
In base 10, what is 13235 + 0?
13235
In base 2, what is -10011101000 + 100?
-10011100100
In base 16, what is 6 + -58?
-52
In base 16, what is 7 + -1?
6
In base 12, what is 2b2 + -3?
2ab
In base 12, what is 3739 + -5?
3734
In base 7, what is 122 - 43?
46
In base 4, what is -11 - 0?
-11
In base 7, what is 11 + -134?
-123
In base 11, what is 154 - -49?
1a2
In base 15, what is -44 + -4?
-48
In base 6, what is 10 - -1003?
1013
In base 3, what is -12200 + 0?
-12200
In base 10, what is 10324 - 1?
10323
In base 14, what is -2 + d?
b
In base 15, what is 13d1 - 1?
13d0
In base 14, what is -2 - 32?
-34
In base 10, what is -1526 - 1?
-1527
In base 14, what is 0 - 109?
-109
In base 14, what is -51 - 186?
-1d7
In base 13, what is 12a - -8?
135
In base 9, what is -1 - 123?
-124
In base 11, what is 15 + 4?
19
In base 15, what is -1 - -1ad?
1ac
In base 16, what is 1b3 - -2?
1b5
In base 14, what is -12 + 49?
37
In base 7, what is -1 - -233?
232
In base 2, what is -111 + 111001?
110010
In base 10, what is -2 - 4?
-6
In base 13, what is -1a4 - -20?
-184
In base 8, what is -16 - -7?
-7
In base 14, what is -132 - a?
-13c
In base 7, what is 21 + -5?
13
In base 9, what is 154 + -13?
141
In base 12, what is -50a - 5?
-513
In base 14, what is -198 + 23?
-175
In base 5, what is -211424 - 1?
-211430
In base 10, what is -7 - -11?
4
In base 10, what is -423 - 1?
-424
In base 11, what is -1a8 + -4?
-201
In base 5, what is -3 - 10441?
-10444
In base 14, what is 0 + -b6?
-b6
In base 3, what is -11 - -11?
0
In base 13, what is -3 + 86?
83
In base 4